 + 35*f - 1. Let s(a) = -2*a**2 + 12*a + 1. Let t(d) = c(d) - 4*s(d). Give t(w).
10
Let r(p) be the third derivative of -5*p**4/12 + 64*p**3/3 - 7*p**2 - p + 122. Give r(13).
-2
Let o be 132/28 + (-8)/(-28). Let h(w) be the second derivative of -1/3*w**3 + 5/2*w**2 + 0 - 10*w. What is h(o)?
-5
Suppose -2 = -5*m + 4*j, -j = -m - 2*j - 5. Let l be 64 + (-4)/(-5)*(-40)/16. Let i(u) = -u + 63 + u**2 + u - l. Determine i(m).
5
Let f(v) be the first derivative of -v**3 + 9*v**2/2 + 3*v - 703. Calculate f(5).
-27
Let j = -4759 - -4755. Let a(i) be the first derivative of i**3/3 + i**2 - 5*i + 2. Calculate a(j).
3
Let i be -5 - -1 - 60/6. Let x = i - -17. Let c(r) be the third derivative of -r**4/6 + 2*r**3/3 + 105*r**2 - r. Calculate c(x).
-8
Let t be 36/4 + (-35)/7. Suppose 36 = 2*l - 5*h, 20 = l - t*h + h. Let x(m) = m**2 - 11*m + 10. What is x(l)?
-14
Let m(u) = -u**3 - 2*u**2 + u + 1. Let z(f) = 12*f**3 + 6*f**2 + 3*f - 8. Let n(h) = 2*m(h) + z(h). Determine n(1).
11
Let w(n) = 6*n - 15*n**2 + 23*n**2 - n - 9*n**2 + 1. Let c be 1/((-75)/20 - -4). Suppose -c*m = -2*a - 2*m + 6, 2*m = a - 1. What is w(a)?
1
Let s(f) = -2814*f - 4*f**2 + 19 - 2830*f + 5656*f. Determine s(4).
3
Let a = -5690 + 5683. Let q(m) = -11*m - 37*m**2 + 16*m**2 - 14 + 11*m**2 + 9*m**2. Give q(a).
14
Let k(w) = -2 - 1 + w - 2 - w**3 - 3*w**2. Suppose 0 = -13*f + 576 - 160. Suppose 36 = -b + f. What is k(b)?
7
Let z be (-1 + 11)*1/10. Let v(i) = i**2 + i - 2. Let d(s) = 8*s**2 + 10*s - 11. Let n(o) = z*d(o) - 6*v(o). Give n(-3).
7
Suppose -5*o + 33 = 3*q, 4*q + 26 - 30 = 0. Let c(m) be the first derivative of 1/3*m**3 + 2 - 8*m - 3/2*m**2. What is c(o)?
10
Suppose -4*p + 3*y + 54 = 8*y, 4*y = 4*p - 36. Let a(v) be the third derivative of v**4/24 - v**3 + 12*v**2. Determine a(p).
5
Let n(x) = -17*x + 23*x - 3 - 14*x - 17*x + 8. Determine n(1).
-20
Let a(u) = u**3 + u + 1. Let j(l) = -4*l - 4*l**2 + 39 - 3*l**3 - 38 + 3*l**2 - 8*l**2. Let y(o) = 4*a(o) + j(o). What is y(9)?
5
Let r(u) = 6*u - 18 - 12*u**3 + 11*u**3 + 22 - u**2. Let d(v) = -v**3 - v**2 + 5*v + 3. Let x(b) = -6*d(b) + 5*r(b). Give x(2).
14
Let m(l) = l + 6. Suppose 0 = -2*b + 2*k + 42, -5*b + b + 5*k = -84. Let z(v) = -v**2 + 18*v + 60. Let g be z(b). Calculate m(g).
3
Let z = -2821 + 2799. Let k(q) = 3*q**2 + 66*q - 2. Determine k(z).
-2
Let n(f) = f**2 - 4*f + 1. Let l be (-172)/129*18/(-4). Calculate n(l).
13
Let g(u) = u**3 - 3*u**2 + u + 1. Let q be g(2). Let z(v) = -5*v - 16. Let h(a) = -27*a - 84. Let i(d) = -4*h(d) + 21*z(d). Determine i(q).
-3
Let q(z) = -z**2 - 16*z - 44. Let o(t) = t**3 + 8*t**2 - 25*t - 63. Let c be o(-10). What is q(c)?
-5
Let t be 50/75 - 3944/(-6). Suppose -13*z + t = 81*z. Let y(o) be the second derivative of o**4/12 - 7*o**3/6 + 7*o**2/2 + o. What is y(z)?
7
Let h(b) = -2*b + 13. Let c(y) = -7*y**2 - 31*y - 6. Suppose -4*q + 162 - 2 = 0. Suppose 0 = 7*j - 17*j - q. Let x be c(j). Calculate h(x).
1
Suppose 0 = 2*g + 3*g - 10. Let v(l) be the first derivative of -l**5/20 + l**4/8 + 19*l**2 + 31. Let h(f) be the second derivative of v(f). What is h(g)?
-6
Let l(g) = -g**2 + g + 7. Suppose 2*t - 8 = 3*v - 20, -4*t = 4*v - 16. Determine l(t).
7
Let l(h) = -1 + 550*h - 184*h + 8 - 180*h - 184*h. Give l(-16).
-25
Suppose -5*l = -4*k - 10 + 43, 4*l + 20 = 0. Let y = -8 - -10. Let t(q) = -2*q**3 + 0*q + 4*q**3 - 2*q**y + 2 - 2*q. Give t(k).
6
Let h(p) be the first derivative of p**2/2 + 4*p - 7. Let t = -68 - -89. Suppose 3*b + t = -z - 11, -5*b - 2*z - 54 = 0. What is h(b)?
-6
Let o(b) = 8*b - 9343 + 18679 - 9332. Calculate o(-8).
-60
Let g(w) = 3*w - 16. Let i(c) = -c - 32 - 30 + 108 - 41. Suppose 2*x = -3*h - 31, 2*h - 10 = 5*x + 1. Let l(n) = h*i(n) - 2*g(n). Calculate l(7).
4
Suppose u - 4*i = -4*u + 35, 5*i = 5*u - 35. Suppose 14*j - 11*j = -z - u, 0 = j - 2*z + 14. Let a(n) = -n**3 - 3*n**2 + 4*n - 2. Calculate a(j).
-2
Suppose 2*m + 204*y = 200*y + 28, -m - 7 = -y. Let t(f) = -f**2 + 61. Calculate t(m).
61
Let f = -4491 + 4494. Let c(x) = -x**3 - x**2 + x + 1. Let v(u) = -4*u**3 - 8*u**2 + 4*u + 9. Let o(r) = 5*c(r) - v(r). Calculate o(f).
-1
Let f(h) be the third derivative of -h**5/20 - 5*h**4/24 + h**3/2 - 391*h**2 + 3*h - 2. Calculate f(-2).
1
Let d(y) = -y**2 - 20*y - 51. Suppose 26*p - 21*p = 3*n, p + 2*n + 13 = 0. Give d(p).
0
Let v(k) = k**3 - 2*k**2 + 3*k + 0*k - 3 - 5 - 5*k**2. Suppose 0 = 4*r + 276*j - 278*j - 16, -2*j = -2*r + 2. What is v(r)?
13
Let f(q) = -21*q - 152. Let j be f(-8). Suppose 12 = p + j. Let l(a) = 0 + 0*a - a - 1. What is l(p)?
3
Let n(d) = 20*d**2 - 24*d + 9. Let r(b) = -21*b**2 + 19*b - 7. Let f(y) = -4*n(y) - 5*r(y). Calculate f(1).
25
Suppose 4*s = 3*m - 10, 112*m + 3 = 111*m - 5*s. Let x(v) = -2*v**3 + 3*v**2 - 8*v + 11. What is x(m)?
-9
Let k(q) be the second derivative of 2*q**3 - 205*q**2 + 4536*q. Determine k(34).
-2
Let l(c) = 17*c**2 - 23*c + 15. Let b(h) = 4*h**2 - h + 2. Let u(t) = -4*b(t) + l(t). Determine u(14).
-63
Let f(p) = 3*p**3 + p**2 + p + 1. Let w(d) = 32*d**3 + 5*d + 5*d**2 - d**2 + 9 - 4*d - 13*d**3 + 2*d. Let g(v) = -6*f(v) + w(v). Determine g(3).
3
Let q(u) = -7 + 136*u - 140*u + 18 + 37. Let h be q(8). Suppose 0 = h*d - 13*d - 6. Let j(z) = -z**2 + 3*z - 3. Determine j(d).
-1
Let j(u) be the first derivative of 10/3*u**3 + 1/4*u**4 - 6*u + 1 - 1/2*u**2. Let t = -5666 + 5656. Determine j(t).
4
Let p(r) be the first derivative of -3*r - 3/2*r**2 + 167. Determine p(3).
-12
Let f = 29933 - 29934. Let i(n) be the third derivative of -n**7/126 - n**5/120 - n**4/24 - n**2. Let w(d) be the second derivative of i(d). What is w(f)?
-21
Let m(n) = 2*n**2 + 16*n - 9. Let s = 143 + -148. Let v(d) = 3*d**2 + 24*d - 13. Let k(j) = s*v(j) + 8*m(j). Give k(-9).
2
Let m be (-165)/66 + (-14)/(-4) + -3. Let q(v) = 3*v**3 + 2*v**2 - v - 4. Calculate q(m).
-18
Let x(a) be the second derivative of -2 - 3*a - 5/2*a**2 + 1/3*a**3. What is x(5)?
5
Let g(w) = -w**3 + 97*w**2 - 3*w + 276. Let m be g(97). Let i(j) = -j**2 - 23*j - 125. What is i(m)?
-5
Let n(y) be the first derivative of 5*y + 7/3*y**3 - 5/2*y**2 - 117 - 1/4*y**4. Give n(6).
11
Let c(s) = -8*s**2 - 18*s + 53. Let f(p) = 5*p**2 + 17*p - 53. Let l(t) = 2*c(t) + 3*f(t). Let k be l(9). Let g(j) = 8*j**3 - j**2 + j + 1. Give g(k).
9
Let u(s) = -s**3 + 7*s**2 - 5*s - 6. Let i = -9 + 15. Let b be u(i). Let h(j) = -5*j - 2714 + 2712 - j**2 + 6*j. Determine h(b).
-2
Suppose -741 + 1461 = -48*d. Let y(f) = 3*f + 37. Give y(d).
-8
Let i = 7168 - 7147. Let r(x) = x**3 - 20*x**2 - 22*x - 8. Calculate r(i).
-29
Let h(n) = -7*n**2 + 6*n - 6. Let u(r) = -6*r**2 + 58*r - 131. Let p be u(6). Determine h(p).
-7
Let i(s) = s**3 - 9*s**2 - 2*s + 8. Let z = -37 + 35. Let c be 12/(-6) + z/2 + 1. Let q be (c + 1/2)/(5/(-30)). What is i(q)?
-10
Let p(n) = -1718*n - 1 + 868*n + 2*n**2 + 847*n - 5*n**2 + 2*n**2. Suppose -2*u + 2*i = -2, -7 = -3*u + 4*u + i. Calculate p(u).
-1
Suppose 2*t - 980 = 4*y, -181 = -t + y + 304. Let k = t - 484. Let z(l) = l**3 + 4*l**2 - l - 6. What is z(k)?
-2
Let p be (-3)/((-15)/32) + (-324)/810. Let g(h) = 2*h**2 - 15*h + 15. Determine g(p).
-3
Let a(v) = -2*v**3 + 2*v**2 + 2*v - 1. Let q(f) = f**2 + 15*f - 2. Let g be q(-12). Let c = 49 + g. Suppose -4*p - b = -5, 2 = -p - 5*b - c. Calculate a(p).
-5
Suppose 2*z = 4*l - 2*l + 176, -4*l - 317 = 3*z. Let a = l + 76. Let p(d) = -d**3 - 7*d**2 - d - 8. Let r be p(a). Let u(n) = 4*n**2 + 1. What is u(r)?
5
Let a = -9 - -28. Let w = -17 + a. Let h(k) = -2*k + k**3 - 101 + 2*k - 10*k**w + 104. What is h(10)?
3
Let f(v) = v**3 - 16*v**2 - 38*v + 38. Suppose u = 2*k - 31, 4*k + 318*u - 315*u = 87. Determine f(k).
2
Let u be 2/(-15) + 3103/435. Let t(r) = 2*r**2 + 9*r + 13. Let h(x) = -x**2 - 8*x - 12. Let b(z) = 3*h(z) + 2*t(z). Determine b(u).
-3
Let t(o) be the second derivative of o**6/120 + o**5/20 - o**4/12 + 4*o**3/3 + 103*o**2/2 - 21*o. Let l(w) be the first derivative of t(w). Give l(-4).
0
Let g(z) = z**3 + 2. Let i be (195/(-6))/13*-2. Suppose -2*x = -i*q + 25, 0 = 2*x - 4*q - 10 + 30. Give g(x).
2
Let c(g) = -g**3 + 2*g**2 + g + 4. Let i be c(3). Suppose -20 = 514*o - 516*o. Let u(y) = 3*y**2 + 1 - 17*y**2 + y**3 + 6*y**2 + o*y**2. Determine u(i).
1
Suppose -v + 4*d = 8, 0*d + 4*d = -5*v - 16. Let c(p) = 4*p + 19. Let i be c